-2*w**3 - 777*w**2 + 1078*w - 35911. Give c(-390).
-31
Let t(v) = -7243*v - 1129963. Calculate t(-156).
-55
Let s(n) = 261*n - 58701. What is s(225)?
24
Let m(y) = 1141*y**2 + 25102*y - 44. Determine m(-22).
-44
Let a(c) = 7*c**3 + 16*c**2 + 2*c + 23. Determine a(-6).
-925
Let m(t) = -821*t + 8075. Give m(10).
-135
Let y(a) = a**2 + 308*a + 18819. Give y(-84).
3
Let o(l) = -l**2 - l - 284. Determine o(28).
-1096
Let n(h) = -905*h - 750225. Determine n(-829).
20
Let x(c) = -85*c**2 + 1945*c + 98. Calculate x(23).
-132
Let n(q) = -14*q**3 + 5*q**2 + 22*q + 6. Give n(-2).
94
Let i(b) = 8457*b - 80861. Calculate i(9).
-4748
Let a(j) = 6*j**2 + 111*j + 414. Calculate a(-12).
-54
Let x(t) = -11513*t - 276306. Give x(-24).
6
Let t(b) = -202*b + 59889. What is t(288)?
1713
Let y(p) = 1985*p + 43434. Determine y(-22).
-236
Let y(s) = -92*s + 10468. What is y(107)?
624
Let q(j) = 92*j + 4379. Calculate q(-50).
-221
Let u(v) = v**2 - 482*v + 12996. Give u(31).
-985
Let w(y) = y**2 + 2608*y + 331448. Give w(-134).
-68
Let y(g) = 2*g**3 + 15*g**2 + 9309*g + 65092. Determine y(-7).
-22
Let i(c) = 219*c - 84. Give i(4).
792
Let n(o) = 1270*o**2 - 36835*o + 140. Give n(29).
-5
Let i(s) = -447*s - 49799. Give i(-112).
265
Let z(f) = f**3 - 105*f**2 - 227168*f - 1708. Give z(-427).
0
Let g(b) = b**2 - 38826*b - 7. Determine g(0).
-7
Let m(a) = 5522*a + 1005008. What is m(-182)?
4
Let f(i) = -12893*i + 644645. Give f(50).
-5
Let a(c) = -2*c**3 - 330*c**2 - 661*c - 1460. Give a(-163).
7
Let h(z) = 235*z**2 + z + 84. What is h(0)?
84
Let d(x) = -5*x**2 + 27*x + 957. Calculate d(17).
-29
Let p(c) = 27*c**3 - 35*c**2 - 42*c + 37. Give p(-2).
-235
Let w(a) = a**2 + 698*a - 3454. Determine w(5).
61
Let m(a) = -a**2 - 194594*a - 1945847. Give m(-10).
-7
Let f(t) = -2*t**2 + 4490*t + 195592. Give f(-43).
-1176
Let d(s) = 822*s + 7379. Determine d(-9).
-19
Let x(z) = z**2 - 127*z + 1898. Calculate x(36).
-1378
Let i(u) = -u**3 + 1034*u**2 - 85817*u + 3765. Give i(943).
-7
Let h(y) = 5521946*y - 22087783. Calculate h(4).
1
Let n(j) = -4854551*j + 14563660. What is n(3)?
7
Let h(k) = -1951*k + 273116. What is h(140)?
-24
Let y(f) = -28576*f + 1085862. Determine y(38).
-26
Let h(p) = -75*p**2 + 1611*p + 848. What is h(22)?
-10
Let k(f) = -f**3 + 43*f**2 + 4908*f - 214026. Determine k(44).
-10
Let i(x) = -x**3 + 46*x**2 + 17*x - 2795. What is i(45)?
-5
Let p(r) = -9*r**3 + 114*r**2 - 236*r + 6. Determine p(2).
-82
Let b(s) = -3*s**3 - 30*s**2 - 25*s + 7. Give b(-12).
1171
Let v(g) = 224*g**2 - 4469*g - 192. Determine v(20).
28
Let c(p) = -409*p + 206483. Determine c(503).
756
Let n(u) = -15159*u + 166761. Calculate n(11).
12
Let n(g) = 6*g**3 + 134*g**2 - 407*g - 179. Calculate n(-25).
-4
Let b(l) = 8771*l - 920992. What is b(105)?
-37
Let h(v) = -2*v**3 + 89*v**2 - 262*v + 173. Determine h(2).
-11
Let w(i) = -405*i**2 - 1711*i + 4314. Calculate w(-6).
0
Let r(p) = -27*p**2 + 167*p - 662. Determine r(4).
-426
Let g(t) = t**3 + 104*t**2 - 1663*t - 1285. Determine g(-118).
13
Let f(a) = -9*a**3 + 46*a**2 + 317*a - 1579. What is f(5)?
31
Let t(k) = -88*k**2 + 6851*k - 314. Calculate t(78).
-1328
Let d(y) = 1315*y - 489170. Determine d(372).
10
Let u(g) = -6*g**2 - 1103*g - 36818. Determine u(-140).
2
Let v(y) = -2743*y + 16939. Give v(6).
481
Let p(s) = 14*s**2 + 54*s - 45. What is p(-4)?
-37
Let n(p) = 449*p**2 - 29*p + 19. Calculate n(1).
439
Let s(k) = 158736*k - 952337. Calculate s(6).
79
Let m(w) = -30*w**2 + 227*w + 7. Determine m(6).
289
Let y(f) = 15334*f + 46027. Give y(-3).
25
Let g(b) = b**3 + 65*b**2 - 141*b - 8909. Calculate g(-65).
256
Let v(k) = 197*k + 1972. What is v(-10)?
2
Let f(d) = -d**2 + 158*d + 26458. What is f(-102)?
-62
Let i(a) = 510682*a - 510678. What is i(1)?
4
Let v(r) = -2*r**3 + 23*r**2 + 32*r - 49. Determine v(9).
644
Let x(w) = w**3 - 54*w**2 + 455*w + 62. Calculate x(10).
212
Let u(h) = 4409*h - 184752. Determine u(42).
426
Let m(n) = 2*n**2 + 1012*n - 88457. Calculate m(76).
7
Let n(x) = 2*x**3 - 248*x + 1238. Calculate n(5).
248
Let g(k) = 5546*k + 1209010. Give g(-218).
-18
Let v(u) = -24*u**3 - 66*u**2 + 54*u + 115. Determine v(-3).
7
Let r(c) = -27625*c + 221166. Give r(8).
166
Let h(n) = -140396*n + 25973263. Calculate h(185).
3
Let r(m) = 19*m**3 - 9*m**2 - 17*m + 40. Determine r(3).
421
Let p(n) = -5*n**3 - 22*n**2 + 94*n - 21. What is p(-6)?
-297
Let w(z) = -1381*z - 290107. What is w(-210)?
-97
Let b(s) = -2*s**3 + 187*s**2 - 804*s + 48576. Calculate b(92).
0
Let o(i) = 36*i - 8933. Determine o(251).
103
Let i(x) = -24*x**2 - 954*x + 7812. What is i(8)?
-1356
Let p(u) = -327*u + 45453. Determine p(139).
0
Let a(v) = -2*v**2 - 1424*v - 11181. Determine a(-8).
83
Let r(a) = 15692*a + 517782. Give r(-33).
-54
Let s(c) = 14*c**3 - 2709*c**2 + 1335*c + 3113. What is s(193)?
25
Let a(k) = -7674*k**2 - 92087*k + 30. What is a(-12)?
18
Let o(s) = -2514*s - 15657. What is o(-6)?
-573
Let i(n) = 4168*n + 43253. Calculate i(-10).
1573
Let m(y) = 219333*y**2 - 877322*y + 10. Give m(4).
50
Let u(a) = 9*a**3 + 766*a**2 + 92*a + 10. Calculate u(-85).
-585
Let x(i) = -45*i - 1840. What is x(-47)?
275
Let n(u) = -6*u**2 - 209*u + 2510. Determine n(-44).
90
Let b(u) = 2764*u + 450478. Determine b(-163).
-54
Let v(c) = -25113*c - 6428933. Calculate v(-256).
-5
Let p(u) = -940*u - 2453. Determine p(-2).
-573
Let s(c) = -2*c**3 + 16*c**2 - 143*c + 1483. Determine s(10).
-347
Let t(y) = -28498*y - 1196920. Give t(-42).
-4
Let l(j) = 2665*j + 442310. What is l(-166)?
-80
Let b(m) = 3*m**3 - 107*m**2 - 37*m + 121. What is b(36)?
85
Let n(a) = a**3 + 259*a**2 + 14530*a + 1311. Calculate n(-82).
-1
Let b(u) = -5*u**3 + 37*u**2 + 123*u - 820. What is b(8)?
-28
Let i(c) = 1021*c - 11906. What is i(10)?
-1696
Let u(k) = -7274*k**2 - 29264*k + 8. What is u(-4)?
680
Let g(i) = -255*i**2 - 10205*i - 30. What is g(-40)?
170
Let d(y) = -304*y**2 + 2067*y + 176. What is d(8)?
-2744
Let l(v) = -v**3 + 70*v**2 - 71*v + 288. Determine l(69).
150
Let r(c) = c**3 - 28*c**2 - 1277*c + 1198. Give r(-25).
-2
Let u(f) = -39*f**2 - 4477*f + 4511. Determine u(1).
-5
Let c(r) = -r**3 + 17*r**2 + 360*r - 1476. Calculate c(28).
-20
Let r(q) = q**3 - 765*q**2 + 91788*q - 663. What is r(149)?
-67
Let r(m) = -2*m**2 + 680*m + 4143. Calculate r(-6).
-9
Let g(b) = -8371*b + 41394. Give g(5).
-461
Let m(w) = -16*w**3 - 365*w**2 + 67*w - 20. Calculate m(-23).
26
Let f(h) = -4*h**2 - 330*h + 313. Determine f(-83).
147
Let f(a) = -75*a + 15204. Give f(181).
1629
Let t(j) = -j**3 - 427*j**2 - 2952*j - 5039. What is t(-420)?
1
Let x(l) = -l**3 - 146*l**2 + 312*l + 2457. Calculate x(-148).
89
Let d(y) = -338*y - 1333. Calculate d(-7).
1033
Let y(r) = 212023*r - 1908195. Give y(9).
12
Let g(f) = -136*f + 12929. Give g(99).
-535
Let b(x) = -x**3 + 128*x**2 - 355*x - 2464. Calculate b(125).
36
Let n(m) = -m**3 + 11*m**2 + 25*m - 60. Give n(17).
-1369
Let g(k) = -17*k**2 - 302*k - 309. What is g(-1)?
-24
Let k(b) = 159*b**2 + 799*b + 25. Give k(-5).
5
Let x(r) = -50*r**2 - 55*r + 114. Give x(-2).
24
Let i(k) = 15*k**3 - 1964*k**2 - 2091*k - 2767. Give i(132).
5
Let c(h) = 3*h**2 + 311*h + 7766. Determine c(-42).
-4
Let v(z) = -z**2 - 361*z - 32108. Determine v(-202).
10
Let h(d) = -3*d**3 - 485*d**2 + 166*d + 854. Determine h(-162).
206
Let z(n) = -n**3 + n**2 + 16*n - 21. Give z(7).
-203
Let r(f) = 6495*f - 39572. Calculate r(6).
-602
Let p(r) = -2830*r + 2771. Calculate p(1).
-59
Let m(b) = -102*b**2 + 4860*b + 4859. Calculate m(-1).
-103
Let t(j) = j**2 + 150*j + 4283. Calculate t(-113).
102
Let p(m) = -m**3 - 336*m**2 - 8058*m + 96. Determine p(-26).
44
Let m(q) = -11*q**2 + 21111*q + 11. Determine m(0).
11
Let s(n) = -237922*n - 1427542. Give s(-6).
-10
Let f(s) = -1088*s**2 + 60817*s + 6213. Determine f(56).
-3
Let f(m) = 60129*m + 420902. Determine f(-7).
-1
Let x(g) = -718*g**2 + 6344*g - 6344. Determine x(1).
-718
Let w(q) = -95*q**2 + 1694*q + 290. Determine w(18).
2
Let x(i) = i**2 - 478370*i + 7175316. Calculate x(15).
-9
Let y(h) = 3*h**2 + 1031*h + 38474. What is y(-301)?
-54
Let c(v) = 3*v**3 - 43*v**2 + 208*v - 2022. What is c(13)?
6
Let h(w) = 2*w**3 - 2*w**2 + 139*w - 988. Give h(7).
573
Let t(r) = -9213*r - 18572. Determine t(-2).
-146
Let o(x) = -3*x**3 - 16*x**2 + 378*x 